 is the hundreds digit of g?
1
Suppose 5*n + 17*w - 16 = 15*w, n - 5 = -w. Suppose 2*r - 3*z + 448 = 4*r, 2*r + n*z - 450 = 0. What is the tens digit of r?
2
Let r(t) = 59*t**3 - 9*t**2 - 11*t + 211. What is the units digit of r(5)?
6
Let z(s) = -s**3 - 5*s**2 + 3*s + 9. Let j be z(-5). Let r be (j/(-21))/((-1)/(-329)). Let n = r + -2. What is the units digit of n?
2
What is the units digit of 16311*3 + 0 - (-20600)/(-2060)?
3
Let j(t) = 30*t + 30. Let r be j(15). Suppose 0 = -3*d + 5*z + 165 + 163, 4*d = -4*z + r. What is the units digit of d?
6
Let i be 4 - (-16)/(-2) - 715/(-11). Let m = 1076 - i. What is the hundreds digit of m?
0
Let w = 98 - 73. Suppose 3*n + 4 = w. Suppose 0 = n*v - 2*v - 830. What is the tens digit of v?
6
Let l = -17 - -28. Let n = -792 - -801. Suppose l*o = n*o + 200. What is the hundreds digit of o?
1
Let w be (-15)/6*6/(-5). Suppose w*h - 32 + 26 = 0. Suppose -h*u - u + 300 = 0. What is the units digit of u?
0
What is the tens digit of (-46)/(-14 - (-139000)/9930)?
3
Let p(n) = -10*n**3 - 5*n**2 - 27*n - 153. What is the units digit of p(-6)?
9
Let n(t) = -63*t - 7. Let p be n(-1). Suppose -p*y + 50*y + 180 = 0. Suppose 199 = s + y. What is the units digit of s?
9
Let b(r) = 13*r**2 + 10*r - 12. Let w be (-21)/(-4) + 10/(-8). What is the tens digit of b(w)?
3
Let b(x) = 25*x - 23. Let n be b(12). Let a = 537 - n. What is the tens digit of a?
6
Suppose -14*v = -9*v + 2*w - 5, 0 = -4*v + 4*w + 32. Suppose 0*b = v*k + b - 2028, -k - 3*b + 668 = 0. What is the hundreds digit of k?
6
Let r be (-108)/(-30) - 8/(-20). Suppose r*c - 5*v - 260 = 0, 10*v - 13*v - 72 = -c. What is the tens digit of c?
6
Suppose -2*t + 5*t + 2*h = 660, 4*t = -h + 885. Suppose -3*z + t = -300. What is the units digit of z?
4
Let k(f) = -147*f**3 + 10*f**2 + 18*f + 1. What is the hundreds digit of k(-6)?
0
Suppose 18*s - 51059 = 15*s + r, -68067 = -4*s + 3*r. What is the hundreds digit of s?
0
Let w(k) = -65*k - 589. What is the tens digit of w(-23)?
0
Let s = -232 - 620. Let h = 9039 - 9045. What is the hundreds digit of -2 + s/(-7) + h/(-21)?
1
What is the units digit of (22 - 0) + 568 - 1?
9
Suppose -3*r = -42*j + 39*j - 53313, j - 71094 = -4*r. What is the tens digit of r?
7
Suppose 7*z = 20*z - 300404. What is the hundreds digit of z?
1
Suppose 2*y - 26402 = 9*x - 11*x, 3*x - 2*y - 39598 = 0. Suppose 9*a = -7*a + x. What is the units digit of a?
5
Let v(o) be the second derivative of 3*o**5/20 + 5*o**4/12 + 4*o**3/3 - 11*o**2/2 + 86*o. What is the units digit of v(5)?
9
Suppose -p + 1 = 2*r, 7 = p + r + 4. Suppose b = -3*g + p, -2*g + b + 2*b = -18. Suppose 0 = g*z + m - 217, 0*z = -z - 3*m + 59. What is the tens digit of z?
7
Suppose -26*b = -180226 - 15164. What is the units digit of b?
5
Let h(w) = -w**3 + 15*w**2 + 28*w - 5. Let v(n) = 3 + 1 - 5 + 27*n + 16*n**2 - n**3 - 4. Let f(k) = -2*h(k) + 3*v(k). What is the units digit of f(19)?
9
Let d be -28*10/(200/15). What is the units digit of (6 - 666/d)*(-21)/(-3)?
4
Let n = -9 - -13. Suppose 2 = c + 3*d - 7, 2*c + n*d = 16. Let v(a) = 4*a**2 - 2*a - 11. What is the tens digit of v(c)?
2
Let f(j) be the third derivative of -j**6/120 + 17*j**5/60 + 29*j**4/24 + 4*j**3 + 43*j**2. What is the units digit of f(18)?
2
Let y be 159/53*(0 - 207). Let r = y - -924. What is the hundreds digit of r?
3
Suppose s - 4*p = -0*s + 3257, 3*s = -4*p + 9675. What is the thousands digit of s?
3
Suppose -5*r + 315 = 5*u, 3*u - 193 = -0*r - 5*r. Let b = 67 - u. Suppose x + 4*h = b*h + 16, -4*x = 5*h - 90. What is the tens digit of x?
2
Suppose -20*v - 8*v = 168. Let g(n) = -42*n**2 + n - 3. Let d be g(5). What is the tens digit of 9/v*d/12?
3
Let v(d) = -1718. Let w(h) = -2*h + 1. Let f(o) = -v(o) + 3*w(o). What is the tens digit of f(0)?
2
Let k = 101 - 98. Let h(s) = -2*s + 17. Let u be h(k). Suppose -u*l - 273 = -1824. What is the hundreds digit of l?
1
Let x(q) = q**3 + 16*q**2 + 14*q + 9. Let u(y) = y**2 + 8*y + 13. Let f be u(-6). Suppose -1 = -d + 4*g, 2*g + f - 8 = d. What is the units digit of x(d)?
4
Suppose 0 = -18*q - 34*q - 312. Let r = 4 + -10. What is the tens digit of -3 + (-14)/r - 382/q?
6
Suppose -51 = 2*s + 203. Let k be -4*(-4 + (-117)/(-4)). Let d = k - s. What is the units digit of d?
6
Suppose -5*i - 7*d + 11*d - 2571 = 0, 1038 = -2*i + 4*d. Let l = 1361 + i. What is the tens digit of l?
5
Suppose -10 = -2*d + 26. Suppose -13*k - 320 = -d*k. What is the tens digit of k?
6
Let h(m) = 4446*m + 317. What is the thousands digit of h(7)?
1
Let x(o) = 3*o + 6 - 5 - 4*o + 2*o**2. Let g be x(0). What is the units digit of (-89)/(-1*1/g)?
9
Let k(a) = 254*a**2 + 31*a - 10. What is the thousands digit of k(-6)?
8
Let d(m) be the second derivative of 0 + 9*m - 1/12*m**4 + m**2 + 5/6*m**3 - 1/5*m**5. What is the tens digit of d(-3)?
8
What is the thousands digit of 44/(-77) + (-27031)/(-7)?
3
Suppose 15*g = -10*g + 125. Suppose g*h - 2*d - 62 - 198 = 0, 4*d = -3*h + 156. What is the units digit of h?
2
Let k be ((-6)/(-4))/((-24)/(-64)). Suppose -2*q + 6*p - 2*p = 10, k*p - 16 = -4*q. What is the units digit of q?
1
Let b = -442 + 452. What is the tens digit of (-1)/b - 6/((-240)/50284)?
5
Let u(z) = -1077*z**3 - z**2 + 15*z - 13. What is the thousands digit of u(-3)?
9
Suppose 167*v - 13478724 = 801*v - 74456210. What is the hundreds digit of v?
1
Let k = 52 + -50. Suppose -a = -i - 0*a - 10, k*i = -2*a - 4. What is the units digit of 4/i*(639/(-6) + 3)?
9
Suppose 4*z + 2*p = 1620, 29*z + p = 28*z + 404. What is the hundreds digit of z?
4
Let f(s) = -s**3 + 3*s**2 - 4*s - 2. Let l be f(-5). Let n = l + 257. Suppose 5*h = o + 491, o = -5*h + 6*o + n. What is the tens digit of h?
9
Suppose 1676 = 2*q + t, -275*q = -271*q + 5*t - 3340. What is the hundreds digit of q?
8
Let v = 3827 - -4506. What is the units digit of v?
3
Suppose -l + 3*l + 8 = -3*r, -r - 3*l = 12. Suppose 0 = c + c - 210. Suppose -28*z + 29*z - c = r. What is the hundreds digit of z?
1
Suppose 0 = 7*z - 2*z. Let m be 45/6*(-2)/(-3). Suppose -830 = -z*i - m*i. What is the tens digit of i?
6
Suppose -2*x + 0*l - 10 = -4*l, 5*l = x + 8. Let i be 9/2*(x - -5). What is the units digit of 2 + ((-783)/(-5) - i/15)?
8
Let v(u) = u**2 + 18*u - 29. Let j be 1*-3*12/9. Let l be 21/5*20/j. What is the tens digit of v(l)?
3
Suppose 4*c - c = 0. Let b = -40 + 40. Suppose -4*t + c*t + 272 = b. What is the units digit of t?
8
Suppose 101394 = 3*p - 3*f, 0 = -2*p - 85*f + 90*f + 67584. What is the units digit of p?
2
What is the thousands digit of ((-4)/(-3))/((-60)/(-85050))?
1
What is the units digit of (-1 + 5238)*(9/15)/(12/20)?
7
Suppose -y + 2*p = 3*p - 4266, -y = -3*p - 4258. What is the hundreds digit of y?
2
Suppose -3*r - 6*i - 921 = -3*i, -3*r = 5*i + 921. Let x = r + 361. What is the units digit of x?
4
Suppose 0*r + 7*r = -168. Let w be (r/9)/(-4) - (-94)/(-6). What is the units digit of 6/2*(-545)/w?
9
Suppose 12*x + 1106 = 14*x. Suppose s - 277 = -3*p, -2*s + 5*p = -4*s + x. Suppose c - 119 = 5*z, 0 = -2*c + 4*z - 6*z + s. What is the units digit of c?
4
What is the thousands digit of 9 - 6*(-40)/(-24) - -11362?
1
Let m be 5 - (-162)/(-30) - (-1604)/10. Let f = m - -67. What is the hundreds digit of f?
2
Suppose -17*p = 174*p - 432424. What is the tens digit of p?
6
Let v(g) be the first derivative of g**4/4 - 2*g**3/3 + 3*g**2/2 + 22*g - 121. What is the tens digit of v(6)?
8
Let s be (997/4)/(70/560). What is the units digit of (s/4*1)/(90/180)?
7
Let d(i) = -34*i**3 - 4*i**2 + 3*i + 10. Let u be d(-2). Let y = u - -493. What is the units digit of y?
3
Let g = -179 + 169. What is the hundreds digit of (4/g)/(1/(-530)) + 1?
2
Suppose 26*v = -11*v + 5*v + 550400. What is the thousands digit of v?
7
Let l(p) = -84 - 8*p - 8*p + 15*p. Let x be l(-19). Let r = -45 - x. What is the units digit of r?
0
Let p(b) be the third derivative of b**7/630 - 13*b**6/360 - 3*b**5/20 - 6*b**2. Let d(y) be the third derivative of p(y). What is the tens digit of d(9)?
4
Let w = 89 - 85. What is the units digit of (838/w)/(3/6)?
9
Suppose 152*d - 144*d = 0. Let w(g) = 28*g + 872. What is the hundreds digit of w(d)?
8
Let k(b) = -2661*b + 1165. What is the hundreds digit of k(-2)?
4
Suppose 7 - 23 = 2*d. Let j be (4 + -14)/(d/(-4)). What is the hun